**3 + 39*h**2 - 169*h - 14. Calculate j(4).
-2
Let z(w) = 5*w**3 + 12*w**2 + w + 27. What is z(-4)?
-105
Let h(z) = z**2 + 890*z + 17427. What is h(-20)?
27
Let v(c) = -c**2 + 4513*c - 58493. Determine v(13).
7
Let q(a) = 3*a**3 - 3*a**2 - 4*a + 24. Give q(2).
28
Let g(j) = -325*j - 19471. Calculate g(-60).
29
Let j(l) = -342*l + 1374. What is j(4)?
6
Let u(z) = -295*z + 7661. Determine u(26).
-9
Let k(r) = -420*r + 1686. Give k(4).
6
Let g(c) = -c**3 + 20*c**2 - 223*c + 2914. Calculate g(17).
-10
Let i(w) = -w**3 - 2093*w**2 - 8357*w + 5. Give i(-4).
9
Let t(i) = -2*i**3 - 113*i**2 - 49*i + 396. Determine t(-56).
4
Let h(b) = 58*b + 153. Give h(-4).
-79
Let y(h) = -5*h**2 + 107*h + 514. Determine y(-4).
6
Let q(l) = -2*l**3 - 58*l**2 + 19*l + 586. What is q(-29)?
35
Let h(v) = v**3 + 2*v**2 - 65*v - 302. Determine h(-6).
-56
Let j(p) = 16682*p + 83407. Determine j(-5).
-3
Let a(q) = -91*q + 4. What is a(-1)?
95
Let w(u) = u**3 - 33*u**2 + 4*u - 14. Determine w(33).
118
Let y(w) = -3*w**2 - 17*w + 71. Determine y(-11).
-105
Let r(q) = -q**3 + 251*q**2 - 227*q - 5742. Calculate r(250).
8
Let p(o) = -9*o**3 + 4*o**2 + 16. Give p(3).
-191
Let x(w) = w**3 - 27*w**2 - 32*w + 103. Give x(28).
-9
Let b(a) = 2*a**3 - 13*a**2 + 10*a + 15. Calculate b(4).
-25
Let m(g) = -3*g**3 - 29*g**2 + 13*g + 190. Give m(-11).
531
Let s(i) = 225*i - 1219. What is s(5)?
-94
Let v(i) = -i**2 - 152*i - 4942. Determine v(-47).
-7
Let k(r) = 2*r**2 + 149*r + 348. Calculate k(-72).
-12
Let w(k) = 4*k**2 - 21*k + 61. Give w(10).
251
Let s(w) = w**2 - 131*w + 3588. Determine s(39).
0
Let g(b) = 58*b - 1563. What is g(27)?
3
Let u(i) = 42*i**2 + 257*i + 12. Give u(-6).
-18
Let u(k) = -1830*k + 14665. Give u(8).
25
Let u(b) = 27*b**2 - 214*b - 2. Determine u(8).
14
Let z(o) = -2*o**3 + 78*o**2 + 975*o + 258. What is z(49)?
13
Let g(t) = 7*t**2 - 62*t - 86. Give g(10).
-6
Let n(u) = -3*u**3 + 70*u**2 - 12*u - 42. Calculate n(23).
211
Let c(l) = -2*l**2 - 63*l + 1419. Give c(-48).
-165
Let n(c) = c**3 - 153*c**2 + 5094*c + 233. What is n(104)?
25
Let d(h) = -h**2 - 8*h + 200. Calculate d(11).
-9
Let o(q) = 7*q**3 + 3*q**2 + 234*q + 459. Calculate o(-2).
-53
Let z(b) = 5*b**3 + b**2 + b - 17. Determine z(2).
29
Let i(y) = 1913*y + 7650. What is i(-4)?
-2
Let b(z) = 2*z**3 + 113*z**2 + 51*z - 305. Give b(-56).
-25
Let i(z) = z**3 - 59*z**2 - 92*z + 1871. Calculate i(60).
-49
Let n(w) = -w**3 - 5*w**2 + 85*w + 501. Calculate n(-7).
4
Let a(p) = 127*p**2 + 2027*p - 61. Determine a(-16).
19
Let c(r) = -147*r - 1618. Calculate c(-11).
-1
Let q(i) = -50*i + 3014. Calculate q(60).
14
Let t(w) = 2*w**3 + 21*w**2 + 53*w. Give t(-6).
6
Let j(w) = -3*w**3 + 16*w**2 - 23*w + 5. Determine j(5).
-85
Let f(t) = t**2 + 102*t - 1490. What is f(-115)?
5
Let h(r) = 334*r + 327. Give h(-1).
-7
Let u(f) = -f**2 + 1256*f + 8819. Give u(-7).
-22
Let m(p) = 5*p**2 + 128*p + 41. What is m(-22)?
-355
Let a(s) = s**3 - 27*s**2 + 59*s - 233. Give a(25).
-8
Let o(a) = 2*a**2 - 42*a + 1. Calculate o(18).
-107
Let c(b) = -b**2 + 378*b + 10947. Give c(-27).
12
Let u(y) = -211*y**3 - y**2 + 14*y - 14. Determine u(1).
-212
Let u(f) = -f**3 - 36*f**2 - 74*f + 20. Give u(-34).
224
Let x(p) = 155*p + 7253. Calculate x(-46).
123
Let o(h) = h**2 - 74*h + 1343. Calculate o(42).
-1
Let u(s) = -s**3 + 18*s**2 + 210*s - 82. What is u(26)?
-30
Let l(y) = -114*y - 3399. Give l(-30).
21
Let r(o) = 29*o + 32. Determine r(-8).
-200
Let g(r) = 2*r**3 + 72*r**2 - 147*r + 184. Calculate g(-38).
-6
Let p(b) = b**3 - 48*b**2 - 161*b + 3035. Determine p(50).
-15
Let t(x) = -x**3 + 53*x**2 + 419*x + 84. What is t(60)?
24
Let v(g) = g**3 + 58*g**2 - 451*g + 287. Give v(-65).
27
Let f(d) = 7*d**2 - 32*d + 20. Determine f(4).
4
Let j(p) = 55*p - 728. Give j(13).
-13
Let x(b) = 2*b**2 - 511*b + 765. Calculate x(254).
3
Let k(i) = -160*i - 5604. Determine k(-35).
-4
Let m(h) = 2*h**2 - 40*h + 49. Calculate m(6).
-119
Let a(u) = -2*u**2 - 60*u - 178. Calculate a(-5).
72
Let v(k) = -2*k**3 - 167*k**2 - 87*k - 321. Calculate v(-83).
11
Let b(z) = -11*z**3 + 10*z**2 - 8*z + 10. What is b(4)?
-566
Let l(y) = -1274*y + 7777. Determine l(6).
133
Let z(x) = -x**3 + 36*x**2 + 90*x - 6241. Determine z(33).
-4
Let a(m) = -m**2 - 23*m - 85. Give a(-4).
-9
Let x(h) = -h**2 + h + 30. Give x(0).
30
Let x(b) = b**3 - 41*b**2 + 131*b - 80. Calculate x(38).
566
Let g(z) = -z**3 - 48*z**2 - 33*z + 364. Give g(-47).
-294
Let k(i) = 1189*i + 13110. Give k(-11).
31
Let p(u) = -u**3 + 182*u**2 + 10*u - 1825. What is p(182)?
-5
Let f(n) = -58*n + 278. Determine f(4).
46
Let w(q) = 537*q - 7514. Determine w(14).
4
Let t(k) = 9617*k + 9638. Determine t(-1).
21
Let u(f) = 6*f**2 + 50*f - 97. Calculate u(2).
27
Let j(n) = 10*n**2 + 211*n + 15. Calculate j(-21).
-6
Let k(c) = -190*c - 18081. Calculate k(-95).
-31
Let o(z) = -17*z**2 + z + 109. Calculate o(7).
-717
Let a(s) = s**3 - 6*s**2 - 10*s + 44. Give a(5).
-31
Let u(f) = 96*f + 2697. What is u(-28)?
9
Let s(j) = -j**3 - 167*j**2 + 157*j - 1847. What is s(-168)?
1
Let h(b) = -105*b + 5991. Calculate h(57).
6
Let y(n) = -n**3 - 101*n**2 - 911*n - 98. Determine y(-91).
-7
Let c(t) = -942*t - 14115. Give c(-15).
15
Let o(l) = l**3 + 12*l**2 + 23*l + 23. What is o(-5)?
83
Let y(j) = -4*j**3 - 12*j**2 + 100*j + 342. Give y(-4).
6
Let t(p) = -p**3 - 63*p**2 + 340*p + 1. Determine t(-68).
1
Let j(q) = 5*q**3 - 631*q**2 + 127*q - 123. What is j(126)?
3
Let n(i) = i**3 + 11*i**2 - 202*i - 71. Determine n(10).
9
Let r(l) = -4*l**3 - 128*l**2 - 4*l - 57. Determine r(-32).
71
Let p(g) = 2*g**3 - 46*g**2 - 12*g + 172. Calculate p(23).
-104
Let x(b) = 3*b**3 + 300*b**2 + 1706*b + 87. Calculate x(-6).
3
Let m(v) = 664*v - 1285. Give m(2).
43
Let d(u) = -6*u - 77. Give d(21).
-203
Let q(r) = -2*r - 129. What is q(-16)?
-97
Let s(r) = -9*r**2 - 165*r - 754. Calculate s(-8).
-10
Let a(v) = 107*v + 136. What is a(-9)?
-827
Let o(r) = 53*r**2 + r + 2. Calculate o(1).
56
Let j(y) = -44*y + 10. Give j(-4).
186
Let z(v) = 7*v**2 - 274*v - 1551. What is z(-5)?
-6
Let c(s) = -s**3 - 12*s**2 - 85*s - 343. Determine c(-7).
7
Let r(u) = u**3 - 38*u**2 - 122*u + 43. Calculate r(41).
84
Let u(g) = -66*g**3 + 2*g**2 - 4*g + 1. Calculate u(1).
-67
Let l(x) = 52*x - 484. Give l(5).
-224
Let n(r) = -33*r**3 + 264*r**2 - r - 11. Calculate n(8).
-19
Let w(f) = -f**3 + 14*f**2 - 34*f - 52. What is w(14)?
-528
Let c(w) = 136*w + 416. Calculate c(-3).
8
Let x(w) = -11*w**3 + 5*w**2 + 4*w - 3. Calculate x(1).
-5
Let t(s) = -s**3 + 4*s**2 + 17*s + 39. Calculate t(-7).
459
Let x(d) = -11*d + 493. Calculate x(45).
-2
Let c(r) = -6*r**2 - 13*r - 11. What is c(10)?
-741
Let m(k) = 35*k - 515. Calculate m(14).
-25
Let y(j) = 32*j + 52. Give y(-4).
-76
Let k(p) = -5679*p - 28396. Give k(-5).
-1
Let k(y) = -10*y**2 + 16*y + 16. Calculate k(-9).
-938
Let t(a) = 6*a**3 + 4*a**2 + 5*a + 4. Give t(-1).
-3
Let q(l) = 132*l - 692. Give q(9).
496
Let a(m) = -12*m**3 - 35*m**2 - 29*m - 93. Determine a(-3).
3
Let z(t) = -t**3 + 29*t**2 - 38*t + 8. What is z(28)?
-272
Let n(k) = 4*k**2 + 14*k + 3. Give n(-4).
11
Let a(u) = 20*u**2 - 149*u + 262. Calculate a(5).
17
Let t(l) = -40*l + 54. Calculate t(2).
-26
Let x(i) = -2*i**3 + 82*i**2 + 7*i - 288. Give x(41).
-1
Let d(m) = -2073*m + 20773. Determine d(10).
43
Let a(p) = -p**3 - 52*p**2 - 59*p - 417. Calculate a(-51).
-9
Let p(w) = -w**3 + 24*w + 4. What is p(-5)?
9
Let o(p) = p**3 + 8*p**2 + p - 84. Calculate o(-12).
-672
Let u(l) = 240*l + 698. Give u(-3).
-22
Let r(b) = 5*b**2 - 230*b + 236. What is r(45)?
11
Let h(k) = 7*k**3 + 35*k**2 + 5*k - 7. Give h(-5).
-32
Let v(d) = -38*d**2 - 5774*d + 300. What is v(-152)?
-4
Let x(u) = u**3 - 12*u**2 + 15*u - 80. Give x(13).
284
Let y(o) = o**3 + 12*o**2 - 15*o + 125. What is y(-14)?
-57
Let m(s) = -s**3 + 5*s**2 - 160*s + 803. What is m(5)?
3
Let u(i) = -i**3 + 49*i**2 + 207*i - 2623. Give u(52).
29
Let b(g) = 94*g**2 + 16*g - 9. Calculate b(1).
101
Let h(n) = n**3 + 14*n**2 + 25*n - 17. What is h(-12)?
-29
Let w(r) = r**3 + 3*r**2 - 25*r - 3. What is w(-4)?
81
Let a(n) = -49*n + 3. Give a(3).
-144
Let h(m) = 9*m**2 - 6*m + 31. Calculate h(6).
319
Let p(f) = -20*f - 29. Determine p(-3).
31
Let x(l) = 2*l**2 - 851*l - 2545. Calculate x(-3).
26
Let y(h) = h**3 + 28*h**